{"id":31,"date":"2022-12-19T02:30:57","date_gmt":"2022-12-19T02:30:57","guid":{"rendered":"https:\/\/gaviaspreview.com\/wp\/modins\/?page_id=31"},"modified":"2025-08-03T03:42:01","modified_gmt":"2025-08-03T03:42:01","slug":"event-page","status":"publish","type":"page","link":"https:\/\/www.ascaht.com\/?page_id=31","title":{"rendered":"Event Page"},"content":{"rendered":"\t\t<div data-elementor-type=\"wp-page\" data-elementor-id=\"31\" class=\"elementor elementor-31\">\n\t\t\t\t\t\t<section class=\"elementor-section elementor-top-section elementor-element elementor-element-344eea7 elementor-section-boxed elementor-section-height-default elementor-section-height-default\" data-id=\"344eea7\" data-element_type=\"section\" data-settings=\"{&quot;background_background&quot;:&quot;slideshow&quot;,&quot;background_slideshow_gallery&quot;:[{&quot;id&quot;:553,&quot;url&quot;:&quot;https:\\\/\\\/www.ascaht.com\\\/wp-content\\\/uploads\\\/2025\\\/08\\\/breadcrumb-01Kleb.jpg&quot;},{&quot;id&quot;:554,&quot;url&quot;:&quot;https:\\\/\\\/www.ascaht.com\\\/wp-content\\\/uploads\\\/2025\\\/08\\\/breadcrumb-02Kleb.jpg&quot;}],&quot;background_slideshow_ken_burns&quot;:&quot;yes&quot;,&quot;background_slideshow_loop&quot;:&quot;yes&quot;,&quot;background_slideshow_slide_duration&quot;:5000,&quot;background_slideshow_slide_transition&quot;:&quot;fade&quot;,&quot;background_slideshow_transition_duration&quot;:500,&quot;background_slideshow_ken_burns_zoom_direction&quot;:&quot;in&quot;}\">\n\t\t\t\t\t\t<div class=\"elementor-container elementor-column-gap-default\">\n\t\t\t\t\t<div class=\"elementor-column elementor-col-100 elementor-top-column elementor-element elementor-element-833e481\" data-id=\"833e481\" data-element_type=\"column\">\n\t\t\t<div class=\"elementor-widget-wrap elementor-element-populated\">\n\t\t\t\t\t\t<div class=\"elementor-element elementor-element-73ad218 elementor-widget elementor-widget-gva-heading-block\" data-id=\"73ad218\" data-element_type=\"widget\" data-widget_type=\"gva-heading-block.default\">\n\t\t\t\t<div class=\"elementor-widget-container\">\n\t\t\t\t\t<div class=\"gva-element-gva-heading-block gva-element\">   <div class=\"align-left style-1 widget gsc-heading box-align-left auto-responsive\">\r\n      <div class=\"content-inner\">\r\n         \r\n                  \r\n           \r\n         \r\n                     <h2 class=\"title\">\r\n               <span>Ev\u00e8nman<\/span>\r\n            <\/h2>\r\n                  \r\n                     <div class=\"title-desc\">Lis ev\u00e8nman oswa klib pou antrepren\u00e8 yo<\/div>\r\n         \r\n         \r\n      <\/div>\r\n   <\/div>\r\n<\/div>\t\t\t\t<\/div>\n\t\t\t\t<\/div>\n\t\t\t\t\t<\/div>\n\t\t<\/div>\n\t\t\t\t\t<\/div>\n\t\t<\/section>\n\t\t\t\t<section class=\"elementor-section elementor-top-section elementor-element elementor-element-0270396 elementor-section-boxed elementor-section-height-default elementor-section-height-default\" data-id=\"0270396\" data-element_type=\"section\">\n\t\t\t\t\t\t<div class=\"elementor-container elementor-column-gap-default\">\n\t\t\t\t\t<div class=\"elementor-column elementor-col-100 elementor-top-column elementor-element elementor-element-dffb19c\" data-id=\"dffb19c\" data-element_type=\"column\">\n\t\t\t<div class=\"elementor-widget-wrap elementor-element-populated\">\n\t\t\t\t\t\t<div class=\"elementor-element elementor-element-03a4e01 elementor-widget elementor-widget-gva-events\" data-id=\"03a4e01\" data-element_type=\"widget\" data-widget_type=\"gva-events.default\">\n\t\t\t\t<div class=\"elementor-widget-container\">\n\t\t\t\t\t<div class=\"gva-element-gva-events gva-element\">  \r\n  \t<div class=\"gva-give-form-grid clearfix grid-9r0p\">\r\n\t\t<div class=\"gva-content-items\"> \r\n\t\t  \t<div class=\"lg-block-grid-3 md-block-grid-3 sm-block-grid-2 xs-block-grid-1 xx-block-grid-1\">\r\n\t\t\t\t<div class=\"item-columns\">\n<div class=\"tribe-event-block clearfix\">\n\t\n\t<div class=\"block-content\">\n\t\t<div class=\"tribe-events-event-image\"><a href=\"https:\/\/www.ascaht.com\/?tribe_events=fomasyon-antreprenarya\" tabindex=\"-1\"><img fetchpriority=\"high\" decoding=\"async\" width=\"600\" height=\"540\" src=\"https:\/\/www.ascaht.com\/wp-content\/uploads\/2026\/04\/photo-output-600x540.jpeg\" class=\"attachment-medium size-medium wp-post-image\" alt=\"\" \/><\/a><\/div>\t\t\n\t\t<div class=\"tribe-event-content\">\n\t\t\t<div class=\"tribe-start-date\">\n\t\t\t\t14\t\t\t\tApr\t\t\t<\/div>\n\t\t\t<div class=\"tribe-events-event-meta\">\n\t\t\t\t<span class=\"tribe-event-schedule-details\">\n\t\t\t\t\t<span class=\"icon\"><i class=\"far fa-clock\"><\/i><\/span>April 14 @ 8:00 am\t\t\t\t<\/span>\n\t\t\t<\/div>\n\t\t\t<h3 class=\"tribe-events-list-event-title event-title\">\n\t\t\t\tF\u00f2masyon antreprenarya\t\t\t<\/h3>\n\t\t<\/div>\n\t<\/div>\n\t<a class=\"tribe-event-url\" href=\"https:\/\/www.ascaht.com\/?tribe_events=fomasyon-antreprenarya\"><\/a>\n\n<\/div><\/div><div class=\"item-columns\">\n<div class=\"tribe-event-block clearfix\">\n\t\n\t<div class=\"block-content\">\n\t\t<div class=\"tribe-events-event-image\"><a href=\"https:\/\/www.ascaht.com\/?tribe_events=kleb-antreprene-3\" tabindex=\"-1\"><img decoding=\"async\" width=\"600\" height=\"540\" src=\"https:\/\/www.ascaht.com\/wp-content\/uploads\/2025\/12\/photo-output-1-600x540.jpeg\" class=\"attachment-medium size-medium wp-post-image\" alt=\"\" \/><\/a><\/div>\t\t\n\t\t<div class=\"tribe-event-content\">\n\t\t\t<div class=\"tribe-start-date\">\n\t\t\t\t12\t\t\t\tDec\t\t\t<\/div>\n\t\t\t<div class=\"tribe-events-event-meta\">\n\t\t\t\t<span class=\"tribe-event-schedule-details\">\n\t\t\t\t\t<span class=\"icon\"><i class=\"far fa-clock\"><\/i><\/span>December 12, 2025 @ 8:00 am\t\t\t\t<\/span>\n\t\t\t<\/div>\n\t\t\t<h3 class=\"tribe-events-list-event-title event-title\">\n\t\t\t\tKl\u00e8b antrepren\u00e8\t\t\t<\/h3>\n\t\t<\/div>\n\t<\/div>\n\t<a class=\"tribe-event-url\" href=\"https:\/\/www.ascaht.com\/?tribe_events=kleb-antreprene-3\"><\/a>\n\n<\/div><\/div><div class=\"item-columns\">\n<div class=\"tribe-event-block clearfix\">\n\t\n\t<div class=\"block-content\">\n\t\t\t\t\n\t\t<div class=\"tribe-event-content\">\n\t\t\t<div class=\"tribe-start-date\">\n\t\t\t\t01\t\t\t\tDec\t\t\t<\/div>\n\t\t\t<div class=\"tribe-events-event-meta\">\n\t\t\t\t<span class=\"tribe-event-schedule-details\">\n\t\t\t\t\t<span class=\"icon\"><i class=\"far fa-clock\"><\/i><\/span>December 1, 2025 @ 8:00 am\t\t\t\t<\/span>\n\t\t\t<\/div>\n\t\t\t<h3 class=\"tribe-events-list-event-title event-title\">\n\t\t\t\tKl\u00e8b antrpren\u00e8.\t\t\t<\/h3>\n\t\t<\/div>\n\t<\/div>\n\t<a class=\"tribe-event-url\" href=\"https:\/\/www.ascaht.com\/?tribe_events=kleb-antrprene\"><\/a>\n\n<\/div><\/div><div class=\"item-columns\">\n<div class=\"tribe-event-block clearfix\">\n\t\n\t<div class=\"block-content\">\n\t\t<div class=\"tribe-events-event-image\"><a href=\"https:\/\/www.ascaht.com\/?tribe_events=kleb-antreprene-2\" tabindex=\"-1\"><img decoding=\"async\" width=\"600\" height=\"540\" src=\"https:\/\/www.ascaht.com\/wp-content\/uploads\/2025\/12\/photo-output-600x540.jpeg\" class=\"attachment-medium size-medium wp-post-image\" alt=\"\" \/><\/a><\/div>\t\t\n\t\t<div class=\"tribe-event-content\">\n\t\t\t<div class=\"tribe-start-date\">\n\t\t\t\t01\t\t\t\tDec\t\t\t<\/div>\n\t\t\t<div class=\"tribe-events-event-meta\">\n\t\t\t\t<span class=\"tribe-event-schedule-details\">\n\t\t\t\t\t<span class=\"icon\"><i class=\"far fa-clock\"><\/i><\/span>December 1, 2025 @ 8:00 am\t\t\t\t<\/span>\n\t\t\t<\/div>\n\t\t\t<h3 class=\"tribe-events-list-event-title event-title\">\n\t\t\t\tKl\u00e8b antrepren\u00e8\t\t\t<\/h3>\n\t\t<\/div>\n\t<\/div>\n\t<a class=\"tribe-event-url\" href=\"https:\/\/www.ascaht.com\/?tribe_events=kleb-antreprene-2\"><\/a>\n\n<\/div><\/div><div class=\"item-columns\">\n<div class=\"tribe-event-block clearfix\">\n\t\n\t<div class=\"block-content\">\n\t\t\t\t\n\t\t<div class=\"tribe-event-content\">\n\t\t\t<div class=\"tribe-start-date\">\n\t\t\t\t14\t\t\t\tNov\t\t\t<\/div>\n\t\t\t<div class=\"tribe-events-event-meta\">\n\t\t\t\t<span class=\"tribe-event-schedule-details\">\n\t\t\t\t\t<span class=\"icon\"><i class=\"far fa-clock\"><\/i><\/span>November 14, 2025 @ 8:00 am\t\t\t\t<\/span>\n\t\t\t<\/div>\n\t\t\t<h3 class=\"tribe-events-list-event-title event-title\">\n\t\t\t\tF\u00f2masyon Asirans\t\t\t<\/h3>\n\t\t<\/div>\n\t<\/div>\n\t<a class=\"tribe-event-url\" href=\"https:\/\/www.ascaht.com\/?tribe_events=fomasyon-asirans\"><\/a>\n\n<\/div><\/div><div class=\"item-columns\">\n<div class=\"tribe-event-block clearfix\">\n\t\n\t<div class=\"block-content\">\n\t\t\t\t\n\t\t<div class=\"tribe-event-content\">\n\t\t\t<div class=\"tribe-start-date\">\n\t\t\t\t23\t\t\t\tOct\t\t\t<\/div>\n\t\t\t<div class=\"tribe-events-event-meta\">\n\t\t\t\t<span class=\"tribe-event-schedule-details\">\n\t\t\t\t\t<span class=\"icon\"><i class=\"far fa-clock\"><\/i><\/span>October 23, 2025 @ 8:00 am\t\t\t\t<\/span>\n\t\t\t<\/div>\n\t\t\t<h3 class=\"tribe-events-list-event-title event-title\">\n\t\t\t\tKleb Asirans\t\t\t<\/h3>\n\t\t<\/div>\n\t<\/div>\n\t<a class=\"tribe-event-url\" href=\"https:\/\/www.ascaht.com\/?tribe_events=993\"><\/a>\n\n<\/div><\/div>\t\t  \t<\/div>\r\n\t\t<\/div>\r\n        \t<\/div>\r\n\r\n<\/div>\t\t\t\t<\/div>\n\t\t\t\t<\/div>\n\t\t\t\t\t<\/div>\n\t\t<\/div>\n\t\t\t\t\t<\/div>\n\t\t<\/section>\n\t\t\t\t<\/div>\n\t\t","protected":false},"excerpt":{"rendered":"<p>Ev\u00e8nman Lis ev\u00e8nman oswa klib pou antrepren\u00e8 yo 09 Aug August 9 @ 5:00 pm Club Des Entrepreneurs<\/p>\n","protected":false},"author":1,"featured_media":0,"parent":0,"menu_order":0,"comment_status":"closed","ping_status":"closed","template":"","meta":{"footnotes":""},"class_list":["post-31","page","type-page","status-publish","hentry","cat_kleb"],"_links":{"self":[{"href":"https:\/\/www.ascaht.com\/index.php?rest_route=\/wp\/v2\/pages\/31","targetHints":{"allow":["GET"]}}],"collection":[{"href":"https:\/\/www.ascaht.com\/index.php?rest_route=\/wp\/v2\/pages"}],"about":[{"href":"https:\/\/www.ascaht.com\/index.php?rest_route=\/wp\/v2\/types\/page"}],"author":[{"embeddable":true,"href":"https:\/\/www.ascaht.com\/index.php?rest_route=\/wp\/v2\/users\/1"}],"replies":[{"embeddable":true,"href":"https:\/\/www.ascaht.com\/index.php?rest_route=%2Fwp%2Fv2%2Fcomments&post=31"}],"version-history":[{"count":4,"href":"https:\/\/www.ascaht.com\/index.php?rest_route=\/wp\/v2\/pages\/31\/revisions"}],"predecessor-version":[{"id":557,"href":"https:\/\/www.ascaht.com\/index.php?rest_route=\/wp\/v2\/pages\/31\/revisions\/557"}],"wp:attachment":[{"href":"https:\/\/www.ascaht.com\/index.php?rest_route=%2Fwp%2Fv2%2Fmedia&parent=31"}],"curies":[{"name":"wp","href":"https:\/\/api.w.org\/{rel}","templated":true}]}}